
True
Is 814859 composite?
False
Is 26178517 a composite number?
False
Is 2275061 composite?
True
Is 394294291 composite?
False
Is 48777605 composite?
True
Is 1444153 composite?
True
Is 6568561 prime?
True
Is 2335769 a prime number?
True
Is 471241 prime?
True
Is 7945085 prime?
False
Is 18120031 composite?
True
Is 6304327 composite?
True
Is 59965027 a prime number?
False
Is 90720463 composite?
True
Is 37847891 a prime number?
False
Is 13746263 a composite number?
False
Is 97711927 a prime number?
False
Is 5982983 a prime number?
True
Is 40966777 prime?
True
Is 304334531 prime?
True
Is 737563 a composite number?
False
Is 2851337 composite?
False
Is 13198651 composite?
False
Is 1282394 composite?
True
Is 2364869 composite?
True
Is 374452759 composite?
False
Is 8268383 prime?
True
Is 158323783 prime?
True
Is 1790813 prime?
False
Is 53335589 a composite number?
False
Is 75710407 prime?
True
Is 414311 composite?
False
Is 225083003 prime?
True
Is 55826669 a composite number?
False
Is 84371241 composite?
True
Is 207359 a prime number?
False
Is 9666127 prime?
False
Is 2360797 composite?
False
Is 24997351 a composite number?
False
Is 359647 a prime number?
False
Is 12969431 a prime number?
True
Is 32846054 prime?
False
Is 1318349 prime?
True
Is 4603483 a prime number?
True
Is 82126769 composite?
False
Is 1179149 a composite number?
False
Is 220933723 a composite number?
True
Is 2996317 composite?
False
Is 24579301 prime?
True
Is 6919426 a composite number?
True
Is 7186297 composite?
False
Is 12529621 a composite number?
True
Is 5444294 prime?
False
Is 3948442 a composite number?
True
Is 14182001 composite?
True
Is 35991629 prime?
True
Is 1363849 composite?
True
Is 14201401 a prime number?
False
Is 75561251 a prime number?
True
Is 504281 prime?
False
Is 56891993 composite?
False
Is 111371669 a prime number?
False
Is 100709099 prime?
True
Is 23142107 a prime number?
True
Is 109958027 a composite number?
True
Is 6224333 composite?
True
Is 15941533 composite?
True
Is 10109 a prime number?
False
Is 455107729 prime?
True
Is 1815941 composite?
False
Is 5425913 a prime number?
False
Is 523087 composite?
True
Is 2127911 a prime number?
False
Is 7965229 a prime number?
True
Is 41835697 a composite number?
True
Is 338931877 a prime number?
False
Is 307838735 a composite number?
True
Is 12346073 a composite number?
False
Is 7904381 a composite number?
False
Is 1568251 prime?
True
Is 326309 a composite number?
False
Is 53734423 a composite number?
False
Is 12057949 prime?
True
Is 47911 a composite number?
False
Is 35697905 a prime number?
False
Is 385810463 prime?
True
Is 10938679 prime?
True
Is 575245217 prime?
True
Is 727981 a prime number?
True
Is 55213453 composite?
True
Is 1281103789 composite?
True
Is 295426673 composite?
True
Is 31315643 prime?
False
Is 12293663 a composite number?
False
Is 56442545 a prime number?
False
Is 827963711 composite?
True
Is 28280443 prime?
False
Is 2944181 prime?
False
Is 163901 prime?
True
Is 134610521 prime?
False
Is 10960441 a prime number?
True
Is 5710817 a composite number?
True
Is 45958637 a composite number?
False
Is 35185639 a prime number?
False
Is 483002029 a composite number?
True
Is 290258783 a composite number?
False
Is 222699979 composite?
True
Is 6030301 a prime number?
False
Is 9159079 a prime number?
False
Is 429477 prime?
False
Is 63672373 a prime number?
True
Is 167636033 prime?
True
Is 241351963 a composite number?
False
Is 242441 composite?
False
Is 25503313 composite?
True
Is 26667877 a prime number?
True
Is 29655851 prime?
True
Is 78049 prime?
True
Is 49236113 a prime number?
False
Is 14143937 prime?
True
Is 3954149 a composite number?
True
Is 806021519 a composite number?
False
Is 62240773 prime?
False
Is 398064257 a composite number?
False
Is 22178305 a composite number?
True
Is 107963 prime?
False
Is 2477639 a prime number?
True
Is 2317079 prime?
True
Is 1429991 prime?
False
Is 2552201 prime?
True
Is 774463 a composite number?
False
Is 785464643 a prime number?
True
Is 2085077 composite?
False
Is 266971493 prime?
True
Is 171299 composite?
False
Is 2692609 a composite number?
False
Is 3587249 a prime number?
True
Is 3425843 composite?
False
Is 64006409 a composite number?
True
Is 121977263 a prime number?
False
Is 6931651 composite?
False
Is 15752941 composite?
True
Is 1185805 composite?
True
Is 31799517 a prime number?
False
Is 1830635 a prime number?
False
Is 30355397 prime?
True
Is 2477599 a prime number?
True
Is 1788539 a composite number?
False
Is 1295449 prime?
False
Is 4451918 a prime number?
False
Is 133169411 a prime number?
False
Is 134699837 prime?
False
Is 18923039 composite?
False
Is 154784237 composite?
False
Is 1446353 composite?
False
Is 4221346 a composite number?
True
Is 75128561 a composite number?
True
Is 36703393 composite?
False
Is 1039147 a prime number?
False
Is 893905 composite?
True
Is 16052047 a composite number?
True
Is 1257799 a composite number?
True
Is 1677241 a prime number?
False
Is 3999421 a composite number?
False
Is 91113799 a prime number?
False
Is 641411 composite?
False
Is 3234163 composite?
False
Is 7881131 a prime number?
False
Is 6294923 a composite number?
False
Is 94537277 a prime number?
True
Is 62932069 a prime number?
True
Is 5296517 composite?
True
Is 91109089 a composite number?
True
Is 842443669 a prime number?
False
Is 346465289 composite?
False
Is 27459449 a prime number?
True
Is 222770293 composite?
True
Is 27191 a prime number?
True
Is 55644937 a prime number?
True
Is 12943781 a prime number?
True
Is 1567273 a prime number?
False
Is 15031087 a composite number?
False
Is 3224981 a composite number?
False
Is 38683 a prime number?
False
Is 1841039 composite?
False
Is 8909891 composite?
True
Is 2587518577 a composite number?
True
Is 13741955 a composite number?
True
Is 239289371 prime?
True
Is 7234697 prime?
False
Is 65883113 a prime number?
True
Is 845717 a prime number?
True
Is 1507111 a composite number?
False
Is 85379837 prime?
False
Is 379433 a prime number?
True
Is 42248642 prime?
False
Is 1828033 a composite number?
True
Is 104419993 a prime number?
True
Is 171366043 a prime number?
True
Is 68130797 a composite number?
True
Is 131318237 prime?
True
Is 301109 composite?
True
Is 6707047 prime?
True
Is 7228261 a prime number?
False
Is 88235071 composite?
False
Is 103008707 prime?
False
Is 166733077 a composite number?
True
Is 122253191 composite?
False
Is 953923 a prime number?
True
Is 108631 a composite number?
False
Is 2140049 composite?
False
Is 10524343 a prime number?
False
Is 19227413 prime?
True
Is 4820117 composite?
True
Is 4276039 a prime number?
False
Is 69771239 a prime number?
True
Is 165227683 composite?
False
Is 32662517 a prime number?
True
Is 495587 prime?
True
Is 25376459 a composite number?
True
Is 1483162453 prime?
False
Is 11457493 composite?
False
Is 4950923 a prime number?
True
Is 8326919 a prime number?
True
Is 31071523 composite?
True
Is 1923494 composite?
True
Is 1330801 composite?
True
Is 1590041 a prime number?
False
Is 37164191 a prime number?
True
Is 19218461 prime?
False
Is 5083151 prime?
True
Is 5986011 a prime number?
False
Is 944773 prime?
True
Is 3868621 prime?
False
Is 91012421 a composite number?
False
Is 50326531 a prime number?
True
Is 1321711 prime?
True
Is 2664878881 a composite number?
True
Is 183341933 a prime number?
True
Is 61571 a composite number?
True
Is 363163795 prime?
False
Is 5516023 prime?
False
Is 5206013 a composite number?
False
Is 56570417 a composite number?
True
Is 11343235 a composite number?
True
Is 376741 composite?
True
Is 1132669 a prime number?
False
Is 5452267 composite?
False
Is 4258819 prime?
True
Is 402683 composite?
True
Is 8192321 a composite number?
False
Is 8910527 composite?
False
Is 27145397 a composite number?
False
Is 30474751 a composite number?
False
Is 11596687 a composite number?
False
Is 22103243 a prime number?
True
Is 496579 a composite number?
False
Is 22616743 a composite number?
True
Is 3090959 prime?
True
Is 8212759 a composite number?
False
Is 12300737 a prime number?
False
Is 4870559 composite?
False
Is 14612237 a prime number?
False
Is 5653573 prime?
False
Is 22241266 a prime number?
False
Is 25593523 a prime number?
True
Is 1822033 composite?
True
Is 16912871